 203 = 3*t. What is the units digit of b?
0
Let x(g) = g**3 + 8*g**2 - 9*g + 3. Let j be x(-9). Suppose -6*w + 3*w + 252 = -3*b, -3*w - j*b = -264. What is the units digit of w?
6
Let x(m) = -30*m + 58. What is the tens digit of x(-4)?
7
What is the hundreds digit of -1 - ((-12)/30 + (-24204)/15)?
6
Let f = -152 + 678. What is the units digit of f?
6
Suppose -a + 13 = -2. Suppose 0 = -3*k - 2*p + 69 + 172, -a = -3*p. What is the units digit of k?
7
Let k(m) = 2*m - 3*m + m**3 - 6 + 7 + 0*m. Let j = 5 - 3. What is the units digit of k(j)?
7
What is the tens digit of (-32680)/114*(-9)/4?
4
Let x(p) = p**3 + 4*p**2 - 5*p + 51. What is the tens digit of x(12)?
9
Let s = -980 + 3483. What is the units digit of s?
3
What is the tens digit of 0 + 172/2 + (-1 - -1)?
8
Suppose w + 5*p - 31 - 162 = 0, 2*p - 8 = 0. What is the units digit of (w - (4 + -5))/2?
7
Let a be ((-4)/6)/(9/(-54)). Suppose -o - o = 4*w + 8, a*o - 2*w = -16. Let i = o - -16. What is the tens digit of i?
1
Suppose 2*s - 1 = 19. Let g(t) = 4*t - 8. What is the units digit of g(s)?
2
Suppose 0 = 17*q - 14*q - 9. Suppose -6*i = -q*i - 294. What is the units digit of i?
8
Let t be (-6)/(-33) - 705/(-55). Let k = 7 - -1. Let q = t + k. What is the units digit of q?
1
Let y be ((-93)/(-15))/(1/5). Suppose 13 = -3*p + y. What is the units digit of p?
6
Let q = 140 + -74. Suppose 0 = -l + 3*l - 2*v - q, l + 5*v - 63 = 0. What is the units digit of l?
8
Let v = 6705 - 4535. What is the thousands digit of v?
2
Let l be (-76)/(-57)*21/2. Let g = l + -12. Suppose -4*d = -g*d - 72. What is the units digit of d?
6
What is the tens digit of 2405360/2354 - 1/11*-2?
2
Let k = -86 + 257. Let f = k - -25. What is the tens digit of f?
9
Let x(z) = 4*z. Let j be 6/(-27) + (-47)/(-9). Suppose -5*y = j*c - 5, 2*c - y = 7*c - 9. What is the units digit of x(c)?
8
Let q be ((-280)/12)/(1/(-3)). Let h = q - 4. What is the tens digit of h?
6
Suppose -717 = 31*w - 26013. What is the units digit of w?
6
Let r = 82 - 81. Suppose p - o = -p, -o + 2 = -p. Let n = p - r. What is the units digit of n?
1
Let m(h) = h**3 - 3*h**2 - 5*h + 14. Let g be m(4). Let z(w) = 25*w + 36. What is the hundreds digit of z(g)?
2
Suppose -36*r - 506 = -37*r + 3*k, -2*k + 2513 = 5*r. What is the tens digit of r?
0
Suppose -370 = -5*y + 3*a, -6*y + y + 2*a + 375 = 0. What is the units digit of y*5/((-20)/(-4))?
7
Suppose -2*f = -4*d - 9 - 15, 0 = -4*f - 3*d - 7. What is the units digit of (-82)/((-9)/(9/f))?
1
Let o(i) = 6*i - 26. Let z be o(5). Suppose -4*b = -z*p - 344, p - 5*p + 101 = b. What is the units digit of b?
9
Let v(l) be the second derivative of -l**5/20 - l**4/4 + l**3/6 + 3*l. Let n be v(-2). Let k(u) = u**2 + 5*u + 5. What is the units digit of k(n)?
1
Let k(j) = -1164*j - 195. What is the tens digit of k(-2)?
3
Let i(k) = 5*k**3 - 10*k**2 + 6*k + 3. Let r(f) = -3*f**2 - 18 + f**3 + 19 + f + 2*f**2. Let t(g) = i(g) - 4*r(g). What is the units digit of t(6)?
1
Let s(l) = l**2 - 4*l + 3. Let c be s(4). Suppose c*j = -i + 38, -190 = -4*i - i - j. What is the units digit of i?
8
Let k be 12/4 - 2 - -1. Suppose 0 = 4*o + 4, 2*o - o - 325 = -k*q. What is the tens digit of q?
6
Let v = 17 - 15. Let b be (v + -5)/(6/(-4)). Suppose -n + 17 = x, -9 = -b*x - 4*n + 23. What is the tens digit of x?
1
Suppose 4*s + 25 = i, 20 = -5*s - 0. Let n = i + -3. What is the tens digit of n/(-8)*(-30 - 2)?
2
Let u(r) = r + 6. Let f be u(-8). Let p = -8 - f. What is the units digit of (-5 + p)*(0 + -1)?
1
Suppose -5*u - 25 = 0, 2*m = m - 2*u + 173. What is the tens digit of m?
8
Let u(g) = 0 - 4 - g + 2*g. Let a be u(9). Suppose a*b - 3*d = 192, 4*b - d - 2*d = 153. What is the units digit of b?
9
Suppose -x + 2*x - 4*v = -2, -x + 3*v + 1 = 0. Let n(d) = 2*d - 13. Let w be n(x). Suppose 0 = 2*l - w*l + 110. What is the tens digit of l?
2
Suppose -q - 5*q = -1020. What is the tens digit of (1 + q/(-6))*-3?
8
Let t = 4417 + -2721. What is the thousands digit of t?
1
Suppose a = o - 20, 55 = 5*o - 3*a - 41. Let m(q) = -q**2 + 8*q. Let s be m(7). Let c = s + o. What is the units digit of c?
5
Suppose -7*v - 10 = 5*k - 3*v, 4*k = 2*v + 18. Suppose -z + 5*o = -27, -o = -0*o + k. Suppose -3*x + z = 3*p - 40, 2*p = -5*x + 53. What is the tens digit of p?
1
Let t = -1129 + 1930. What is the units digit of t?
1
Let m(y) = 3*y + 30 + 30 - 10 - 2*y. What is the units digit of m(-7)?
3
Suppose 3*c = -3*p + 3, c + 9 = 3*p + 2. Suppose 2*a - p = a. What is the units digit of (-2 - (a + -2))*-1?
2
Let n be 6/1 + -5 + 7. Suppose 27 = 7*t - n. What is the units digit of t?
5
Let t(f) = f**3 - 3*f**3 - 20 + 5*f**2 + 5*f + 48 - 21. What is the hundreds digit of t(-4)?
1
Suppose -2*w = -5*g - 4477, -5*w - g + 11161 = -3*g. What is the tens digit of w?
3
Let l be (3 - 1)*1*1. Suppose -10*o = -7*o - 537. Suppose h = l, -2*x - 3*h + o = 51. What is the units digit of x?
1
Suppose 9*m + 262 = 14*m - 3*y, -y = -m + 54. What is the tens digit of m?
5
What is the tens digit of 0 - 1 - -6*172/6?
7
Let g(d) = 101*d**2 - 46*d - 11. What is the thousands digit of g(5)?
2
What is the tens digit of 510 + 0 + (-1 + -15 - -20)?
1
Let c(x) = 4*x**3 + 16*x**2 - 19*x + 2. Let u(w) = 7*w**3 + 31*w**2 - 38*w + 4. Let a(z) = -5*c(z) + 3*u(z). What is the tens digit of a(-14)?
7
Let q(c) = -c**3 - 5*c**2 + 3*c + 3. Let f = -12 + 15. Suppose 0 = f*l + 14 + 4. What is the tens digit of q(l)?
2
Suppose -1506 = -2*b - l + 3*l, -4*b + 3006 = -2*l. What is the hundreds digit of b?
7
Suppose 0 = 4*g - 8*z + 4*z - 1276, g - 315 = -3*z. Let s = g + -176. What is the units digit of s?
2
Let y(t) = 13*t**2 + 30*t + 14. What is the units digit of y(-9)?
7
Suppose 0 = k + 3*j + 1, -4*k + 5*j = -10 - 37. Suppose k*o + 83 = 1003. What is the hundreds digit of o?
1
Let m(z) = 2*z**2 + 15*z - 7. What is the units digit of m(-8)?
1
Let m(n) be the first derivative of 11*n**2/2 + 6*n + 7. Let s(i) = -6*i - 3. Let w(d) = -4*m(d) - 7*s(d). What is the units digit of w(-4)?
5
Suppose -4*s = g + 301, -3*g = -3*s + 7*s + 295. Let m = s - -230. What is the hundreds digit of m?
1
Let l(v) = 993*v - 103. What is the units digit of l(3)?
6
Let d be (-27)/(((-7)/(-3))/7). Let i = 141 + d. What is the tens digit of i?
6
Suppose 0 = -4*a, 2*o = -4*a + 351 + 185. What is the tens digit of o?
6
Let g be (3 - 0)*(3 + 9). Suppose g = -3*v - v. Let d = v - -24. What is the tens digit of d?
1
Suppose -4*y = -4*x - 664, 4*y + 326 - 986 = 5*x. Suppose -y = -2*j - 2*m - 0*m, j + 2*m - 90 = 0. What is the units digit of j?
0
Let h be -2*2/((-4)/(-31)). Let x = 52 + h. Let r = 22 - x. What is the units digit of r?
1
Suppose 5*u = -3*d + 10208, 2*d - 2*u = 2609 + 4191. What is the units digit of d?
1
Suppose 3*x + x - 1280 = 3*w, 2*w = -3*x + 977. Suppose 447 + x = 10*j. What is the units digit of j?
7
Let l = 20 - -98. What is the hundreds digit of l?
1
Let y(f) = f**2 - 3*f + 9. Let s be 4*(-1)/2 - -7. Let q be y(s). Suppose 3*i - q = 56. What is the units digit of i?
5
Suppose 5*k + 3*s - 494 = s, -4*k - 4*s = -388. Let u = k + -62. What is the tens digit of u?
3
What is the units digit of (-327)/(-2)*((-126)/(-27) + -4)?
9
Suppose l + 38 = -l - 4*c, -4*l - 40 = -4*c. Let v = 2 + -2. What is the tens digit of (-1 + v)/(1/l)?
1
Let x = -80 + 85. Suppose -4*b = -x*p + p + 280, -p - 4*b = -60. What is the tens digit of p?
6
Suppose -4*h + 13 = 3*o, -3*h = -5*o - 8 + 20. What is the units digit of 3 + (43 - (0 - o))?
9
Let h(m) = 29*m**2 - 2*m + 3. Let g be h(1). Let c = 197 - g. Let i = -101 + c. What is the units digit of i?
6
Suppose 5*j - 36 = 2*j. Let f be -1*(-1)/3*j. Suppose k + m = 47, f = m - 2*m. What is the units digit of k?
1
Let q(u) = u**2 + u + 10. What is the units digit of q(-7)?
2
What is the tens digit of 24/15*(-17)/((-17)/100)?
6
Let v(l) = -13 - 17*l + 4*l**2 - 5*l**2 + 5*l. Let n be v(-12). Let b = -12 - n. What is the units digit of b?
1
Let s = -14 + 17. Suppose s*m = -3, -3*m + 293 = -a + 5*a. What is the tens digit of a?
7
Let l = -1 - -3. Let a be 4*((-5)/10 - -1). Suppose a*f - 30 - l = 0. What is the units digit of f?
6
Let q(o) = 3*o**3 + 2*o**2 + o + 2. Let i(m) = 2*m**3 + 3*m**2 + 3. Let j(l) = -4*i(l) + 3*q(l). What is the units digit of j(7)?
4
Let g = 557 - -20. What is the units digit o